09 a multiple of 469?
True
Does 23 divide 343325725?
False
Is 20 a factor of 1417051020?
True
Is 548646330 a multiple of 1423?
False
Is 25 a factor of 15368650?
True
Does 3892 divide 132756120?
True
Is 311 a factor of 101984972?
False
Is 94818888 a multiple of 244?
True
Is 896 a factor of 72157945?
False
Is 2187 a factor of 545921607?
False
Is 881457824 a multiple of 16?
True
Does 280 divide 171006982?
False
Is 209556898 a multiple of 11?
False
Is 2 a factor of 5087832?
True
Does 1458 divide 2323170681?
False
Is 48769600 a multiple of 167?
False
Is 70694441 a multiple of 73?
True
Is 1178709041 a multiple of 5291?
False
Is 76 a factor of 561507760?
True
Does 18 divide 2931379092?
True
Does 811 divide 40122886?
False
Is 25387531 a multiple of 13?
True
Is 119 a factor of 28657764?
False
Does 66 divide 70927500?
False
Is 15 a factor of 3085155?
True
Is 1493 a factor of 103767979?
True
Is 522 a factor of 1375295727?
False
Is 293528303 a multiple of 2946?
False
Does 6 divide 35650684?
False
Is 1466 a factor of 4468734500?
True
Does 176 divide 339179044?
False
Does 3992 divide 372571738?
False
Is 1835 a factor of 213352480?
False
Is 106911357 a multiple of 59?
False
Does 7342 divide 992843976?
True
Is 11438714 a multiple of 59?
False
Is 10518291 a multiple of 153?
True
Is 81821197 a multiple of 4108?
False
Is 133858417 a multiple of 11?
True
Does 42 divide 408013978?
False
Is 1531194 a multiple of 90?
False
Is 29079896 a multiple of 74?
False
Does 207 divide 116534754?
False
Does 841 divide 295625405?
False
Does 360 divide 253206883?
False
Does 5 divide 6940200?
True
Is 505 a factor of 1581248930?
True
Is 7 a factor of 331565?
False
Does 18 divide 15431976?
True
Does 21 divide 729897567?
True
Is 39020660 a multiple of 2746?
True
Does 131 divide 3780758643?
True
Is 4 a factor of 4483912?
True
Is 10953828 a multiple of 106?
True
Does 47 divide 7188133?
True
Is 90503040 a multiple of 853?
False
Is 135 a factor of 3121444215?
True
Is 35959140 a multiple of 196?
True
Does 10 divide 228602567?
False
Is 253053504 a multiple of 396?
True
Is 475249023 a multiple of 10?
False
Does 390 divide 137969130?
True
Is 4330183 a multiple of 167?
False
Is 43230665 a multiple of 65?
False
Is 9071326 a multiple of 19?
False
Does 429 divide 26793195?
True
Is 76 a factor of 116848585?
False
Is 463976174 a multiple of 533?
False
Is 8 a factor of 162989302?
False
Is 5 a factor of 219884170?
True
Does 231 divide 905710428?
False
Is 130 a factor of 306899233?
False
Is 41186498 a multiple of 72?
False
Does 2265 divide 70328250?
True
Does 18 divide 2551933240?
False
Is 22103830 a multiple of 10?
True
Does 2481 divide 162837954?
True
Is 1534 a factor of 21981140?
False
Is 212056362 a multiple of 6?
True
Does 5 divide 486054?
False
Is 399762331 a multiple of 2747?
False
Is 3847639875 a multiple of 3488?
False
Is 446 a factor of 10111527?
False
Is 149 a factor of 102017960?
False
Does 25 divide 781670725?
True
Is 267107308 a multiple of 13?
True
Does 652 divide 53336208?
True
Is 1074592999 a multiple of 5465?
False
Does 2579 divide 157755766?
False
Is 92092266 a multiple of 21?
True
Is 9985 a factor of 1110961055?
True
Does 101 divide 174765855?
True
Is 63078576 a multiple of 1030?
False
Is 56765426 a multiple of 2461?
True
Is 7 a factor of 129338412?
True
Is 252101213 a multiple of 3?
False
Is 3193 a factor of 1574975987?
True
Is 1151948467 a multiple of 55?
False
Is 148 a factor of 72121880?
True
Is 7 a factor of 2488007787?
False
Is 24096225 a multiple of 79?
False
Is 265115084 a multiple of 13?
True
Is 1156402071 a multiple of 3613?
True
Is 96 a factor of 227972448?
True
Does 5 divide 131291002?
False
Is 56885228 a multiple of 47?
True
Is 15077568 a multiple of 704?
True
Is 652688730 a multiple of 1635?
True
Is 67 a factor of 879945103?
True
Is 6094 a factor of 205215450?
True
Does 555 divide 47841786?
False
Does 216 divide 496605168?
True
Is 62 a factor of 53305956?
False
Is 63 a factor of 4169594?
False
Is 12949440 a multiple of 13160?
True
Is 17 a factor of 355344852?
False
Is 1391 a factor of 226354648?
True
Does 21 divide 120331943?
False
Does 1305 divide 69482693?
False
Is 10 a factor of 18577360?
True
Is 1417 a factor of 924531532?
False
Is 104 a factor of 305218047?
False
Is 14 a factor of 4153982?
True
Does 201 divide 3304269393?
False
Does 868 divide 280770714?
False
Does 53 divide 144768332?
False
Does 12 divide 701163237?
False
Is 320 a factor of 95798074?
False
Is 34 a factor of 1028951163?
False
Is 14 a factor of 59804529?
False
Does 99 divide 22752109?
False
Does 148 divide 462283180?
True
Is 597 a factor of 712848524?
False
Is 228276161 a multiple of 1418?
False
Is 5906908 a multiple of 7?
True
Does 718 divide 32429906?
True
Is 243479852 a multiple of 33?
False
Does 7 divide 48120389?
False
Is 29183010 a multiple of 19?
False
Does 130 divide 107870490?
True
Does 188 divide 2964593?
False
Is 2645555 a multiple of 103?
True
Is 531 a factor of 36218867?
False
Is 280 a factor of 49743229?
False
Is 9 a factor of 600951584?
False
Is 44 a factor of 607306858?
False
Is 3900764 a multiple of 7?
True
Is 4 a factor of 12358840?
True
Is 315912442 a multiple of 3228?
False
Is 14840287 a multiple of 82?
False
Does 11 divide 3386394?
True
Is 168549360 a multiple of 40?
True
Does 32 divide 300189196?
False
Does 4258 divide 220224645?
False
Does 29 divide 23854047?
False
Is 8063575 a multiple of 3?
False
Is 1368 a factor of 2526494904?
True
Is 10453440 a multiple of 3?
True
Does 387 divide 3023750046?
False
Is 61199988 a multiple of 3677?
True
Is 846 a factor of 2087379792?
True
Is 3 a factor of 184452564?
True
Is 2876160 a multiple of 420?
True
Is 380 a factor of 441269965?
False
Is 33568190 a multiple of 12?
False
Is 44589399 a multiple of 367?
True
Is 14 a factor of 383382828?
False
Does 748 divide 202229893?
False
Is 541 a factor of 324379813?
True
Does 1976 divide 20119195?
False
Is 24 a factor of 63200136?
True
Is 585783 even?
False
Is 32595899 a multiple of 2616?
False
Is 27467292 a multiple of 174?
True
Is 1838 a factor of 321372428?
False
Is 2738 a factor of 95348448?
False
Is 215115446 a multiple of 3?
False
Is 128253783 a multiple of 959?
True
Does 18 divide 22298832?
True
Is 12790176 a multiple of 14?
True
Is 10058337 a multiple of 69?
True
Is 157 a factor of 2193153006?
False
Does 3778 divide 706943138?
True
Does 292 divide 15406660?
False
Is 14 a factor of 1024721612?
False
Is 733951030 a multiple of 5431?
False
Is 29 a factor of 205967831?
True
Is 69412054 a multiple of 19?
True
Does 10 divide 1896302162?
False
Does 21 divide 28036260?
True
Is 27 a factor of 487495119?
False
Does 510 divide 16007370?
True
Does 1267 divide 146891267?
False
Does 206 divide 3850758?
True
Is 157 a factor of 21431128?
True
Is 221 a factor of 8299876?
True
Is 128795996 a multiple of 1484?
False
Does 18 divide 27732496?
False
Is 4143799725 a multiple of 8619?
True
Is 209387420 a multiple of 55?
True
Does 14 divide 57974574?
True
Does 13 divide 262501005?
True
Is 951 a factor of 592869251?
False
Does 105 divide 86721922?
False
Is 324184588 a multiple of 62?
False
Is 9 a factor of 1254009321?
True
Is 82 a factor of 703351240?
False
Is 8 a factor of 272183096?
True
Does 11 divide 411177943?
True
Is 4752 a factor of 2180563970?
False
Does 11 divide 13899501?
True
Is 11 a factor of 1595811250?
True
Does 597 divide 412722219?
True
Does 1892 divide 927697429?
False
Is 63 a factor of 92293740?
True
Does 1317 divide 28908150?
True
Does 44 divide 18941356?
False
Is 402379160 a multiple of 3373?
False
Is 281 a factor of 72113311?
True
Is 614648418 a multiple of 360?
False
Does 3 divide 44305129?
False
Is 28264676 a multiple of 1303?
True
Is 1221 a factor of 34072005?
True
Does 55 divide 11637065?
True
Is 540916675 a multiple of 265?
True
Is 8 a factor of 64933928?
True
Does 1881 divide 299752398?
True
Is 1239264 a multiple of 16?
True
Does 43 divide 1550946317?
True
Is 124679876 a multiple of 44?
False
Is 2131186221 a multiple of 93?
False
Is 366 a factor of 1171029111?
False
Does 15 divide 54780654?
False
Does 58 divide 925909390?
True
Does 804 divide 20314668?
True
Is 146334478 a multiple of 12?
False
Is 30 a factor of 346273008?
False
Is 1098860380 a multiple of 25?
False
Is 11 a factor of 1